
11
What is -11 - ((-10 - -2) + 4 - 6)?
-1
Calculate -11 + (22 - 9) - 14.
-12
What is the value of 10 + (8 - 8 - 12)?
-2
-7 - -7 - ((-8 - 7) + (1 - 2))
16
What is the value of -4 + 16 + 4 - -8 - -2?
26
Evaluate 17 - 2 - (242 + -246).
19
0 + -3 + -4 - (-18 + 20)
-9
(4 - 8) + 13 + (5 - 5)
9
8 + 0 - (128 - 94)
-26
(12 - (16 + 22)) + 20
-6
What is the value of 13 - (3 + 4 + -6)?
12
What is the value of 4 + (-1 - (-1 + 3 + -6)) - -6?
13
-10 + 24 + -28 + 6
-8
Evaluate 13 + (12 + -1 - (-38 - -48)).
14
What is 17 - -2 - 7 - 10?
2
What is the value of -25 + (23 - ((18 - 10) + 3))?
-13
Evaluate (-1 - -9) + 13 + 29 + -40.
10
Calculate (-8 - (-11 - (2 - -1)) - 5) + 0.
1
Calculate 3 - (47 - (-18 + 44)).
-18
What is the value of (-20 - -10) + 16 + 0?
6
Evaluate 9 + (0 - -12 - (-28 - -28)).
21
What is 19 + -3 + -10 + 19 + -6?
19
What is 1 - (-34 + 26 + -13)?
22
What is the value of 9 + -4 + (5 - 8) + (1 - 3)?
0
What is the value of 1 + (11 - (-42 + 26)) + (2 - -10)?
40
What is -12 - (-70 - (6 + -43))?
21
Calculate -20 - (2 - (-13 - -11 - -8)).
-16
What is the value of 7 + (-7 - -13 - 9)?
4
What is the value of 2 - -2 - (-2 + 14 + -15)?
7
-9 - ((0 - 9 - -3) + 2)
-5
What is the value of -2 + (-6 - (-3 - 1)) + 0 + -6?
-10
What is the value of (3 + 1 - 4) + 8?
8
Calculate 18 + -18 - (5 + -5 + 8).
-8
Calculate 48 + -65 - (1 - -5 - -2).
-25
What is 27 - (42 + (-26 - -12))?
-1
Evaluate (-14 + 7 - -3) + 4 - -4 - -3.
7
What is -18 + 17 + (36 - 24)?
11
What is the value of -3 + (-3 - (6 + (4 - 6)))?
-10
Evaluate 12 + ((2 - 7) + -9 - -6).
4
Calculate -37 - (28 + -65 - -32).
-32
-25 + 0 + 3 + -6 + 1 + 7
-20
What is (-10 - 16) + 10 + 5?
-11
What is (14 - 5) + 2 - -5?
16
(-11 - (-2 - -1)) + 20 + -6
4
What is -22 + (-5 - 0) + 3?
-24
What is (4 - 2) + (0 - (-6 - (-8 + 2)))?
2
What is -1 + (3 - 11) + 8 + 1 + -4?
-4
Calculate (-4 - 2) + 7 - (-2 + 1).
2
Calculate (-42 - -12) + (66 - 34).
2
Evaluate 8 + -19 + 9 + (10 - -5).
13
What is 2 + (3 - 0) - (-24 - -16) - 7?
6
Calculate 1 + (2 - (-7 - -8)) - -3.
5
-2448 + 2432 + (-1 + 1 - 8)
-24
Calculate (-4 - 3 - (-12 + 10)) + (4 - 1).
-2
What is the value of (-1 - (2 - -3)) + 0 + 9 + -1?
2
Evaluate (0 - (4 - (-2 + 2))) + -6.
-10
What is the value of -18 + 7 + 1 + (34 - 35)?
-11
26 - (-10 + (-24 - -57))
3
Evaluate (0 - 5) + -10 + 0 + 5 + 0.
-10
Evaluate 14 + -8 - 10 - -10.
6
Calculate (-11 + -10 - -14 - 5) + 30.
18
What is (-9 + 10 - (-1 - -9)) + -1 + 5?
-3
Evaluate 1 + -2 - (-12 + (-17 - -23)) - -11.
16
Evaluate 16 + -7 + 3 + 0 + (-10 - -2).
4
Calculate 30 - 20 - (4 + 8).
-2
Evaluate 15 - (13 + (-13 - 2)) - 4.
13
What is (-4 - (-18 - -7)) + 8 + -23?
-8
-63 + 80 + 1 - (37 + 1)
-20
1 + 3 + 13 - 10
7
-11 + 28 - 11 - 17 - -3
-8
What is (-3 - -17 - 36) + 1?
-21
What is -6 + (1 + 5 - 3) - (55 + -53)?
-5
Calculate (49 - 37) + (8 - 3).
17
What is the value of -11 + -4 + -1 + 8 - -6?
-2
Evaluate -4 + (1 - (-1 - -1)) - (-80 + 79).
-2
-22 - (-12 + -17) - (0 + 1 - -2)
4
Calculate -3 + 12 + -1 + -8 + 0 + 2.
2
(-4 - -8) + (-3 - 0)
1
What is the value of (7 - (11 - -1 - (8 - 0))) + 3?
6
What is the value of -14 - (18 - 10 - 30)?
8
Calculate 4 + 0 - (-8 - (9 - 15) - 0).
6
What is the value of 27 + -4 + -4 + -6?
13
What is 35 - 17 - 33 - -34?
19
What is the value of 25 - (7 + 12) - (9 + -1 + 0)?
-2
Evaluate 8 + (2 + 1 - (224 + -183)).
-30
Calculate (-7 - -53 - 69) + 2 + -8.
-29
27 - (9 + 0) - 5
13
What is the value of 1 + 38 + 1192 + -1209?
22
Evaluate 1 - (7 - (9 + (-6 - 3))).
-6
(6 - 8) + (-3 - 2 - -13)
6
Evaluate (-42 + 39 - (-8 + -15)) + 15.
35
Calculate 23 + -38 + 25 - (-1 - 8).
19
Evaluate -11 - (2 - (5 + -16 + 30)).
6
Calculate 4 + 39 + -42 + (7 - -1).
9
Evaluate -36 - -89 - (14 + 8).
31
What is 15 + -8 + 6 - 8?
5
What is 7 + (15 - 7 - 13 - (0 - 13))?
15
What is (-9 - -20) + (-11 - -2)?
2
Evaluate 2 + -5 - (-1 + 4 + 6 + -11).
-1
What is the value of (-4 + -11 - -14) + 7 - (0 - -27)?
-21
Evaluate -4 + -6 + -35 + 24 + 1 + 1.
-19
Evaluate -3 + 4 - (23 + (-6 - 11)).
-5
Evaluate (5 - 7 - -8) + -1 + 5 + 18.
28
What is 21 - (-28 + -2 + 64)?
-13
-69 + 68 - (15 - -3)
-19
What is 2 + 2 + -2 - (-11 + -17 - -23)?
7
Calculate -2 + (3 - 0) - 1 - -10.
10
-2 + -3 + -1 + -2 - 4
-12
Evaluate (1 - 10) + -25 + 42.
8
Evaluate -11 - (-9 - (-24 + 8)).
-18
Evaluate -19 + (-17 - (11 - 50)).
3
(5 - (9 + -6)) + 24 + -17
9
What is -9 + (-14 - (3 + -29))?
3
Calculate (0 - ((-4 - -5) + -3)) + (-7 - -13).
8
What is the value of -13 - -54 - (28 + 25)?
-12
-2 + -2 + 2 + (-191 - -188)
-5
What is (-22 - -17) + 11 - 18?
-12
What is -9 + -11 + (9 - -40) + (1 - -2)?
32
What is 9 - (-2 + -9 + (-3 - -9))?
14
Evaluate (140 - 123) + (2 - 15).
4
Evaluate -1254 + 1214 + 0 + (10 - (1 - 3)).
-28
Calculate 10 - (-2 - -7 - (5 + -4)).
6
3 + 39 + -23 - 22
-3
Evaluate -6 - (-2 + 1 + -4 - (-17 + 21)).
3
What is the value of 6 - 0 - (-21 + -1 + 5)?
23
Calculate -9 + 10 + (14 - 1) - 8.
6
What is the value of 25 - (10 + -6) - (1 - 1 - -5)?
16
27 - (-6 - -7 - -13)
13
What is -32 - (40 - 58) - (-6 + 1 - 0)?
-9
What is -8 + 3 + (16 - 5)?
6
Calculate (66 - 39) + -41 + -5.
-19
8 - (0 + 15) - (-12 + -1)
6
Evaluate 12 - (-1 - -18 - (-1 - 9)).
-15
Evaluate (-10 - 18) + 58 - 56.
-26
-5 + -15 + (8 - (-12 - (-4 - 7)))
-11
-4 + 2 + (9 - -11) - (2 - 2)
18
What is -3 + (21 - (30 + -12)) + -7?
-7
What is the value of -40 + 51 - (5 + 37 + -5)?
-26
What is -6 + (12 - 0) + -2 + 12?
16
What is 2 - (35 - 22) - (1 + (-1 - 20))?
9
Calculate -1 + 10 + (-183 - -167).
-7
(-4 - (-5 + 6)) + (3 - (-3 + 5))
-4
What is the value of (-14 - -14 - 9) + 2?
-7
What is the value of 7 - 0 - (141 + -84 + -86)?
36
What is the value of 16 - 5 - (-6 + 17)?
0
Evaluate -7 + 0 - (44 + (28 - 67)).
-12
Calculate 23 + -19 + -2 - (-2 - (-3 + -9)).
-8
11 + -31 + (-12 - -4 - -8)
-20
What is -1 + 8 + 7 + -5 + -2?
7
Evaluate -5 + 4 - (6 + -5).
-2
-12 + 43 + -48 + (1 - -4 - 1)
-13
What is -1 + 12 + (-7 - 8)?
-4
Evaluate (-6 - (2 - 3)) + 817 + -828.
-16
Evaluate (-1 - -1) + (-14 - -9) + 10 - 17.
-12
-2 + 14 + (-79 + 85 - (11 - -2))
5
Calculate (-3 + 2 - -11) + -14.
-4
What is 10 - (9 - -13 - 22)?
10
1 + 1 + -9 + 1
-6
-22 - (-15 - (6 + -3))
-4
(-6 - (5 + -18)) + -2
5
Calculate -4 + -2 - ((-32 - -34) + (-2 - -1)).
-7
What is the value of (78 + -47 - (-1 - -13)) + 13?
32
What is the value of 12 + 12 + 15 + -56?
-17
Evaluate -54 + 10 + 6 + 18.
-20
Calculate -8 + 20 + (-2 - -5) - -21.
36
What is -638 + 671 - (25 - -1)?
7
What is (-9 - 7) + 28 + (-14 - -1)?
-1
Evaluate -13 + (64 + -37 - (-3 + 4)).
13
Calculate (-9 - (-2 - (-1 + -3))) + 37 + -31.
-5
(13 - (-13 + (6 - -63))) + 12
-31
-18 + 1 + ((-12 - 4) + 15 - 9)
-27
Calculate 9 + (-1 + 1 - 10) + 2 + 13.
14
What is the value of -21 + 17 - ((-1 - -4) + 1 - 5)?
-3
Evaluate -20 + (-18 - -11) + 12.
-15
Calculate -1 + -4 - (1 + -18 + (19 - 6)).
-1
What is the value of 9 + -4 + -8 + 4 + 7?
8
Calculate 2 + -3 + 12 - -6 - (0 - -4).
13
Evaluate (-47 - -23) + 7 - (2 + -8).
-11
What is 30 - ((3 + 6 - 9) + 9)?
21
Evaluate 99 + -73 - (3 + 0 + 6).
17
Calculate (-16 - 8) + 7 - -14 - -20.
17
(2 - 4 - -6) + 8
12
Calculate 23 + -17 + -3 - 16 - -31.
18
What is the value of (-9 - -22) + -19 + -22?
-28
What is the value of (11 - 1 - 21) + 5 + 26?
20
What is the value of -3 + 1 + 8 + -5 + -10 + 8?
-1
Evaluate -6 + (-17 + 19 - 0) + 12 + -2.
6
What is the value of 1 + 5 + 0 + -2?
4
Calculate 6 - (-2 + (-17 - -16)) - -3.
12
Calculate 7 + 35 + 1 + 4 + -14 + 0.
33
What is 4 + (72 + -82 - (-3 + 6 - 29))?
20
Calculate -48 + 51 + -1 + 0 - 16.
-14
What is (6 - -1) + -137 + 118?
-12
Calculate -3 + 7 + -12 - 7.
-15
What is the value of -15 - (26 + -50 - -3)?
6
Calculate (-4 - (-5 - (-2 - 7))) + 4.
-4
Calculate -15 + 48 + (-4 - 0) - (5 + 4).
20
9 + (20 - (0 - -10 - 0))
19
Evaluate (8 + 39 - 39) + -18.
-10
Calculate 0 - (92 + -90 + (1 - 11)).
8
What is the value of -8 + 8 + 11 - 39?
-28
What is 77 + -99 - (-3 + -7)?
-12
Calculate (10 - (-6 - -11)) + -5 + -1 - -12.
11
What is (1 - (-29 - -6)) + (3 - (13 + -7))?
21
Calculate -61 + 67 + (-26 - 1) + -5.
-26
What is the value of (-1 - -2) + 11 + (-22 - -12)?
2
(-1 - 6) + 3 - (-5 - (4 - 1))
4
(2 - -5) + (-8 - 7)
-8
0 + 12 + (4 - 23)
-7
What is the value of -28 + 21 + (-16 - (2 + -6))?
-19
What is (1 - ((-3 - -2) + 10)) + 9 + 18?
19
What is the value of 24 + (-29 - (5 - 20))?
10
What is 7 + -13